 + d**2 - 179*d. Calculate s(-8).
2
Let y(r) = 25*r**3 + 3*r**2 + 5*r. Let k(b) = 6*b**3 + b + 1. Let s(z) = 4*k(z) - y(z). Determine s(-3).
7
Suppose -3*i - 4*g = 66, 5*i + 3*g + 75 = 8*g. Let j be 5*(2 + -2 + i/(-15)). Let z(o) = -o**2 + 5*o + 8. Determine z(j).
2
Let p(t) = 2*t**2 - 37*t + 66*t + 1 - 31*t. Let l(j) = -8 + 4*j**2 - 3*j**2 - 9*j + j. Let o be l(9). Determine p(o).
1
Let k = -17 - -18. Suppose 4*w + 20 = 0, -3*u - 3*w + w - k = 0. Let p(i) = 0*i - 5*i**2 + i**3 - 3 + 3*i + 0*i**2. Give p(u).
-12
Let w(c) = c**3 + c**2 + c - 1. Let z(m) = 4*m**3 - m**2 + 5*m + 1. Let o(j) = -3*w(j) + z(j). Let h be 28 - (-4 - (-11 + 3)). Suppose -5*g = g - h. Give o(g).
12
Suppose -4*u - 12 - 4 = 0. Let c(x) be the second derivative of x**5/20 + 5*x**4/12 + x**3/3 - 3*x**2/2 - 3*x. Give c(u).
5
Suppose 5 = -5*l + 15. Let w(d) = -4*d - 2*d - 42*d**2 + 45*d**l - 3 + d**3. Calculate w(-4).
5
Let j(k) = -2 + 0 - 39*k**2 + 40*k**2 - 4 - 11*k. What is j(6)?
-36
Let m(t) = t - 17. Let f = -2706 - -2714. Determine m(f).
-9
Let v(p) = p**3 - 6*p**2 - p + 4. Let u be v(6). Let g be -7 - u*(-1)/(-2). Let r(c) = 14*c + 1. Let o(z) = 9*z + 2. Let q(i) = -3*o(i) + 2*r(i). What is q(g)?
-10
Let k(m) = -m**3 + 6*m**2 - 6*m + 7. Let z be k(5). Suppose p + z = 1. Let f(r) be the second derivative of -7*r**4/12 - r**2/2 - 5179*r. Calculate f(p).
-8
Let a(r) = r**3 - r + 8. Let w(t) = t**2 - 9*t + 2. Let n be w(6). Let d be (-1)/4 - 52/n. Let g(b) = -b**3 + b - 8. Let x(o) = d*g(o) + 4*a(o). Determine x(0).
8
Suppose k + 62 = 3*m, 5*m - 85 = -2*k - 0*k. Let a be m/5 + 5/25. Suppose 0 = 4*c + a + 4. Let y(n) = n**3 + 3*n**2 - 1. What is y(c)?
3
Let w(u) = u - 2. Let n be 10/((16/(-14))/4). Suppose -5*o + 33 = -4*y + 2*y, -4*y + 5*o = 61. Let c be y/n - 26/(-10). Give w(c).
1
Suppose 2*k + 5*n - 32 = -7, 0 = 2*k + n - 5. Let x(c) be the second derivative of 6*c + 1/12*c**4 - c**2 + 0 + 1/6*c**3. Determine x(k).
-2
Let c(x) = -53 - 7*x + 165 - 60 - 52. Let p = 8 + -7. Calculate c(p).
-7
Let t(l) = -l + 6. Let q be (-2 - -5)*(-1)/(-1). Suppose -6 = -2*a - 2*k, q*a + 5*k - 3 = a. Suppose a*o + 3*h - 15 = 0, -2*h + 10 = 2*o - 0*h. Give t(o).
6
Let n(k) = 8*k**2 + 16*k - 2. Let i(d) = -7*d**2 - 14*d + 3. Let q(h) = 7*i(h) + 6*n(h). Give q(-5).
-6
Suppose 0*s + 51 = -17*s. Let o(v) = -4*v**2 - 3*v - 1. What is o(s)?
-28
Let w(x) = x**3 + 8*x**2 - 2*x - 10. Let u = 0 - -3. Suppose 0*t = u*t + 30. Let o(r) = r + 2. Let n be o(t). Give w(n).
6
Let v(g) = -6*g**3 - 29*g**2 - 3*g + 4. Let s(m) = -m**3 - 4*m**2 - m - 1. Let y(n) = 5*s(n) - v(n). Let w(a) = -a**2 - 4*a + 3. Let q be w(-6). What is y(q)?
9
Suppose -9 = 5*i + 4*d, -4*i + 3 - 10 = 3*d. Let n(x) = -5*x - 1. Give n(i).
4
Let m(f) = f**3 + 4*f**2 + 3*f - 1. Let w(y) = -y**3 - 3*y**2 - 2*y + 1. Let o(q) = 4*m(q) + 3*w(q). What is o(-6)?
-1
Let s = 26 - 22. Let t be s + (1 - -3)/(-4). Let c(p) = 1 - t*p**2 - 5 + p - 8*p + p**2. Calculate c(-4).
-8
Let u(w) = 1 + 15*w - 34*w + 8*w + 8*w. Calculate u(-6).
19
Suppose 88*i - 16 = 72*i. Let u be 3 - 1/2*2. Let k(a) = 1 - 4 + u + 5*a. Determine k(i).
4
Let z be 2/4*5/(-10)*28. Let h(p) = -p - 3. Calculate h(z).
4
Suppose -2 = 2*n + 2. Suppose 3*r - 7 - 4 = 5*f, 6 = 3*r. Let m be f*n/(-3)*-6. Let o(q) = q - 3. What is o(m)?
1
Let j = 1071 - 1069. Let c(s) be the third derivative of -9*s**j - 2/3*s**3 + 0 + 1/12*s**4 + 0*s. Calculate c(-3).
-10
Let c(p) = -27*p**2 - 27*p**2 + 53*p**2. Let d(n) = 5*n**2. Let h(a) = 2*c(a) - d(a). Calculate h(1).
-7
Let z(t) be the second derivative of -t**2 - 11/12*t**4 + 0 - t + 2*t**3 - 1/20*t**5. Give z(-12).
-2
Let v(g) = -g**3 - g**2 + 1. Suppose -8*z - 16*z + 24 = 0. Give v(z).
-1
Suppose -4*l - 1 = -53. Let n(s) = -s**2 + 13*s - 3. Let u be n(l). Let c(t) = 3*t + 3. Give c(u).
-6
Let y = 31 - 16. Let k be y/(-10)*(-16)/6. Let l(d) = 2*d - 2. Calculate l(k).
6
Let y(h) = 3*h**2 + 0*h**2 - 4*h**2 + 3*h + h**3 - 4*h**2 + 2*h + 3. Calculate y(4).
7
Let a be (-7 + (-1 - -11))/(0 + 3). Let l(d) = -25*d**3 - 2*d**2 + 2*d - 1. Give l(a).
-26
Let t be -5 + ((-962)/(-208) - (-6)/16). Let c(s) = -s - 22. Determine c(t).
-22
Suppose 101 = 28*x + 17. Let s(c) = c + 1. Let h(a) = -5*a - 3 + 4 - 5. Let v(q) = 2*h(q) + 9*s(q). Calculate v(x).
-2
Let j(h) be the first derivative of 5*h**4/4 + 2*h**2 - 17*h + 4. Let x(c) = 9*c**3 + 7*c - 33. Let y(k) = -7*j(k) + 4*x(k). Give y(0).
-13
Let i(p) be the first derivative of -14 - 1/4*p**4 + 0*p**2 - p - 1/3*p**3. Determine i(-2).
3
Let z(s) be the first derivative of -3 + 0*s - 1/12*s**4 + 1/60*s**5 - 1/3*s**3 - 4*s**2. Let j(b) be the second derivative of z(b). What is j(-2)?
6
Let r(a) = 13*a - 737. Let u be r(57). Suppose 2*p - 16 = 2*b, -4*p - 3*b + b = -14. Let n(v) = -1 + p*v - v - v. What is n(u)?
11
Let n(v) = v**2 - 3*v + 2. Let k be n(4). Let q(s) = 0 - 7*s + k*s - 3*s + 1. Give q(-4).
17
Let b = -56 - -53. Let j(x) = x**3 - 8*x**2 - 10*x + 11. Let k be j(9). Let r(q) = 1 - 5*q**2 - 3*q**2 + 3*q + 4*q**2 + 5*q**k. Determine r(b).
1
Suppose b + 2*k = -18, -41*b - 2*k = -38*b + 34. Let a(o) = -o**2 - 6*o + 11. What is a(b)?
-5
Let n(i) = 3*i**2 + 4*i + 6. Let d(h) = -4*h**2 + 15*h. Let t be d(4). Give n(t).
38
Let j(y) = 3*y - 4. Let r(m) = m + 1 - 2*m + 2*m + 0*m. Let a(b) = -j(b) - 3*r(b). Suppose -2*n + 8 = 0, -4*k = -5*n + 2*n + 16. What is a(k)?
7
Let p(z) be the second derivative of z**4/12 + 7*z**3/3 + 10*z**2 + 9*z. Let b be p(-12). Let u(x) = -x**3 - 5*x**2 - 4*x - 1. Determine u(b).
-1
Let a be (-27)/(-45) - 68/120. Let o(w) be the third derivative of -2/3*w**3 + 0 + 0*w - 5*w**2 - 5/24*w**4 - a*w**5. What is o(-3)?
-7
Let w(o) = 8*o + 5. Let t be (12 + -33)*2/6. Give w(t).
-51
Let i(c) = -c**2 + 5*c + 8. Let o be i(6). Let u be (-9)/(-4) + 1/(-4). Let x(r) = -r**2 + r + u*r**2 + 0*r**o + 3 + 3*r. Give x(-3).
0
Let k be 2/(-7) - 111/(-21). Let f(o) = -o**3 + 5*o**2 - 4*o + 2. Let c(a) = -2*a**3 + 10*a**2 - 7*a + 4. Let h(i) = -3*c(i) + 5*f(i). Determine h(k).
3
Suppose 5*t - 11 = 3*y, -3*t = 2*t + y - 23. Let s(i) = -1820*i**2 - 3*i**3 + 1817*i**2 - 5*i + 4*i**3 - 2. Give s(t).
-6
Let d(c) = -c**2 - 8*c - 10. Let o = -156 + 149. Calculate d(o).
-3
Suppose w - 2*u = -5, -2*w - 3*u = -4*w - 6. Let i(m) = w*m + 0*m**2 - 3 - m + m + m**2. Give i(-4).
1
Let w(o) be the third derivative of -o**5/60 - o**4/8 - o**3/6 - 151*o**2. Calculate w(-4).
-5
Let r(g) = g**3 + 2*g**2 - g + 1. Let z be (-11 + 4)/(-7)*6/(-3). Give r(z).
3
Suppose 4*c = -4*a, -4*c - 3 = -a + 12. Suppose 2*t + o = -a*t - 24, 2*o + 24 = -4*t. Let h(j) = 3*j + 5. What is h(t)?
-7
Let d(c) = -c**3 + 2*c**2. Let y be (-6)/3 - (-4 + 2). Let g be (-9)/4 - 3/(-12). Let t be 2 + y + (-2 - g). What is d(t)?
0
Let b(d) = -d**2 + 4*d - 3. Let j = -850 + 853. Give b(j).
0
Suppose 4*r - x + 7 + 13 = 0, 4*r = -5*x + 4. Let n(y) = y - 1. Calculate n(r).
-5
Let h(y) = -1234 - 8*y + 602 + 590 + y**2. What is h(12)?
6
Let d(k) be the second derivative of -k**4/12 + k**3/3 - 7*k + 2. Suppose -x - 2 = 0, -4*s = -7*s + 4*x + 11. Calculate d(s).
1
Let p(j) = -4 + j + 0*j - 5. Suppose 0 = r + a - 10, 0 = 4*r + 2*a - 48 + 14. Calculate p(r).
-2
Let s(c) = -c**3 + 7*c**2 + 7*c + 2. Suppose -49*o - 40 = -54*o. Determine s(o).
-6
Let t(n) be the first derivative of n**3/3 + 1. Let i be 3 + -4 + 50/1. Let c be (-10)/(-14) - (-14)/i. Determine t(c).
1
Let k(r) = -3*r**3 + r**2 + r - 1 + 1. Let n = -6942 + 6941. Give k(n).
3
Let y(b) = -b**3 + 5*b**2 + 2*b - 5. Let a be y(5). Let g = -4 + a. Let n(s) = -19*s - 3. Let i(q) = -7*q - 1. Let t(j) = -8*i(j) + 3*n(j). What is t(g)?
-2
Suppose 8*z - 150 = -206. Let d(m) = m**2 + 8*m - 3. Give d(z).
-10
Let a(s) be the second derivative of -5*s**3/3 + 59*s**2/2 + 596*s. Give a(6).
-1
Let c(k) = 0*k**3 - 3*k + 84 + 7*k - 89 + 7*k**2 + k**3. Suppose -7*o - 22 - 20 = 0. Calculate c(o).
7
Let q(y) = -3*y**2 - 22*y + 3. Let w(p) = -2*p**2 - 14*p + 2. Let u(j) = 5*q(j) - 8*w(j). Suppose -4*z = -2*t + 6, 4*t + 2 = -3*z + 3. Calculate u(t).
2
Let p be 3 + (8 - 3) - 5. Let n be (-2)/(-10) - (-27)/15. Let c(a) = -a - a**2 + 6 - 1 - n. What is c(p)?
-9
Suppose 2*w + 2 = -n, -w + 3*w + 10 = n. Let h = -145 - -140. Let v(t) = t + 2. Let g(z) = -2*z - 3. Let x(f) = h*v(f) + w*g(f). Determine x(-2).
-3
Let i(s) = 4*s**3 + 5*s**